{"id":13,"date":"2022-02-18T11:39:04","date_gmt":"2022-02-18T11:39:04","guid":{"rendered":"https:\/\/adrian.com.ro\/?page_id=13"},"modified":"2022-02-18T14:34:43","modified_gmt":"2022-02-18T12:34:43","slug":"misiunea-noastra","status":"publish","type":"page","link":"https:\/\/adrian.com.ro\/?page_id=13","title":{"rendered":"Misiunea Noastr\u0103"},"content":{"rendered":"\n<p class=\"has-medium-font-size\" style=\"font-style:normal;font-weight:700\"><strong>Misiunea noastra sociala<\/strong><\/p>\n\n\n\n<p style=\"font-size:18px\">Cu privire la presta\u021biile acordate persoanelor cu handicap, Regiunea Sud-Est nu se claseaz\u0103 printre regiunile cu cheltuielile cele mai mari pentru\u00a0 presta\u021bii\u00a0 acordate\u00a0 persoanelor\u00a0 cu handicap. De\u0195i excluziunea social\u0103 este printre cele mai mari \u00een aceast\u0103 regiune, aceast\u0103 realitate nu se reflect\u0103 \u00een presta\u021biile acordate persoanelor cu handicap. Trebuie subliniat din nou c\u0103 veniturile pe persoan\u0103 din Regiunea Sud-Est sunt printre cele mai mici din \u021bar\u0103, produc\u00e2nd riscul ca persoanele cu handicap s\u0103 nu aib\u0103 un venit care s\u0103 le ofere un nivel de trai decent, pe l\u00e2ng\u0103 faptul c\u0103 numeroase studii indic\u0103 faptul c\u0103 persoanele cu handicap sunt discriminate pe pia\u021ba muncii.<\/p>\n\n\n\n<p style=\"font-size:18px\">Referitor&nbsp;&nbsp; la&nbsp;&nbsp; cheltuielile&nbsp;&nbsp; totale&nbsp;&nbsp; privind presta\u021biile acordate persoanelor cu handicap \u00een&nbsp; perioada 2011-2017,&nbsp; \u00een&nbsp; jude\u021bul&nbsp; Tulcea cheltuielile au crescut cu 24.48%, \u00een Vrancea cu 3.8% (\u00eentre 2011 \u0195i 2014 cheltuiele au sc\u0103zut cu 16.78% dup\u0103 care au \u00eenceput s\u0103 creasc\u0103&nbsp;&nbsp; din&nbsp;&nbsp; nou)&nbsp;&nbsp; \u00een&nbsp;&nbsp; timp&nbsp;&nbsp; ce&nbsp;&nbsp; \u00een&nbsp;&nbsp; Buz\u0103u cheltuielile au crescut cu 30.30% (p\u00e2n\u0103 \u00een 2016).<\/p>\n\n\n\n<p style=\"font-size:18px\">Numarul total de persoane cu dizabilitati la nivel national este de 853,465, din care aproximativ 4% reprezinta procentul angajat.<\/p>\n\n\n\n<p style=\"font-size:18px\">In consecinta, angajatorii romani sunt extrem de sceptici in ceea ce priveste angajarea persoanelor cu dizabilitati. In Romania, doar 4,2 la suta dintre persoanele cu dizabilitati au un loc de munca, cifra care claseaza tara nostra pe ultimul loc in Uniunea Europeana. Totodata, Romania se afla penultimul loc in privinta sumelor alocate pentru servicii sociale pentru persoane cu dizabilitati. Initiatorii mentioneaza ca legislatia romaneasca se inspira dupa un model aplicat in Franta si Germania, acordand facilitati&nbsp;<a href=\"https:\/\/www.prostemcell.ro\/social\/unitati-protejate-pentru-persoane-cu-dizabilitati.html\">&#8222;unitatilor protejate&#8221; destinate stimularii angajarii in munca a persoanelor cu dizabilitati<\/a>, insa in cele 478 de unitati protejate inregistrate la ANPH sunt angajate doar 1.470 persoane cu dizabilitati.<\/p>\n\n\n\n<p style=\"font-size:18px\">Ca persoan\u0103 cu dizabilit\u0103\u021bi, statul a pus la dispozi\u021bie multiple oportunit\u0103\u021bi de dezvoltare profesional\u0103 \u0219i este foarte important s\u0103 fii la curent cu legisla\u021bia \u0219i drepturile pe care le ai dac\u0103 te angajezi. Marea problema de ambele parti, atat pentru angajatori cat si pentru angajati\/persoane cu dizabilitati, lipsa de informare este una foarte mare, datorita posibiltatilor legislative care sunt si care nu sunt exploate de nici una dintre parti.<\/p>\n","protected":false},"excerpt":{"rendered":"<p>Misiunea noastra sociala Cu privire la presta\u021biile acordate persoanelor cu handicap, Regiunea Sud-Est nu se claseaz\u0103 printre regiunile cu cheltuielile cele mai mari pentru\u00a0 presta\u021bii\u00a0 acordate\u00a0 persoanelor\u00a0 cu handicap. De\u0195i excluziunea social\u0103 este printre cele mai mari \u00een aceast\u0103 regiune, aceast\u0103 realitate nu se reflect\u0103 \u00een presta\u021biile acordate persoanelor cu handicap. Trebuie subliniat din nou [&hellip;]<\/p>\n","protected":false},"author":1,"featured_media":0,"parent":0,"menu_order":0,"comment_status":"closed","ping_status":"closed","template":"","meta":{"footnotes":""},"class_list":["post-13","page","type-page","status-publish","hentry"],"_links":{"self":[{"href":"https:\/\/adrian.com.ro\/index.php?rest_route=\/wp\/v2\/pages\/13","targetHints":{"allow":["GET"]}}],"collection":[{"href":"https:\/\/adrian.com.ro\/index.php?rest_route=\/wp\/v2\/pages"}],"about":[{"href":"https:\/\/adrian.com.ro\/index.php?rest_route=\/wp\/v2\/types\/page"}],"author":[{"embeddable":true,"href":"https:\/\/adrian.com.ro\/index.php?rest_route=\/wp\/v2\/users\/1"}],"replies":[{"embeddable":true,"href":"https:\/\/adrian.com.ro\/index.php?rest_route=%2Fwp%2Fv2%2Fcomments&post=13"}],"version-history":[{"count":3,"href":"https:\/\/adrian.com.ro\/index.php?rest_route=\/wp\/v2\/pages\/13\/revisions"}],"predecessor-version":[{"id":50,"href":"https:\/\/adrian.com.ro\/index.php?rest_route=\/wp\/v2\/pages\/13\/revisions\/50"}],"wp:attachment":[{"href":"https:\/\/adrian.com.ro\/index.php?rest_route=%2Fwp%2Fv2%2Fmedia&parent=13"}],"curies":[{"name":"wp","href":"https:\/\/api.w.org\/{rel}","templated":true}]}}